{"id":563,"date":"2018-04-13T11:00:50","date_gmt":"2018-04-13T11:00:50","guid":{"rendered":"http:\/\/brewski.mikado-themes.com\/?page_id=563"},"modified":"2023-11-08T03:30:22","modified_gmt":"2023-11-08T03:30:22","slug":"cerveza","status":"publish","type":"page","link":"https:\/\/km858.cl\/index.php\/cerveza\/","title":{"rendered":"Acerca de"},"content":{"rendered":"<p>[vc_row content_placement=\u00bbtop\u00bb row_content_width=\u00bbgrid\u00bb disable_background_image=\u00bb\u00bb content_text_aligment=\u00bbleft\u00bb css=\u00bb.vc_custom_1523456483426{padding-top: 126px !important;padding-bottom: 72px !important;}\u00bb simple_background_image=\u00bb33&#8243;][vc_column offset=\u00bbvc_col-lg-offset-0 vc_col-lg-4 vc_col-md-offset-0 vc_col-md-12 vc_col-sm-offset-0 vc_col-xs-12&#8243;]<div class=\"mkdf-section-title-holder  \" >\n\t<div class=\"mkdf-st-inner\">\n\t\t            <h4 class=\"mkdf-st-subtitle\" style=\"margin: 0 0 16px 0\">\n                Nuestra historia            <\/h4>\n        \t\t\t\t\t<h2 class=\"mkdf-st-title\" >\n\t\t\t\tKILOMETRO 858\t\t\t<\/h2>\n\t\t                <div class=\"mkdf-st-separator\" style=\"margin-top:12px\">\n            <img decoding=\"async\" itemprop=\"image\" src=\"https:\/\/km858.cl\/wp-content\/uploads\/2018\/04\/h1-separator-img-1.png\" alt=\"Separator image\" \/>\n        <\/div>\n        \t\t\t<\/div>\n<\/div>[vc_empty_space]<a itemprop=\"url\" href=\"http:\/\/brewski.mikado-themes.com\/our-menu\/\" target=\"_self\" style=\"background-color: #1b1b1b;border-color: #1b1b1b\" class=\"mkdf-btn mkdf-btn-medium mkdf-btn-solid mkdf-btn-custom-hover-bg mkdf-btn-custom-border-hover\" data-hover-bg-color=\"#017d53\" data-hover-border-color=\"#017d53\" >\n    <span class=\"mkdf-btn-text\">Read More<\/span>\n\t<\/a>[vc_empty_space height=\u00bb67px\u00bb][\/vc_column][vc_column width=\u00bb1\/2&#8243; offset=\u00bbvc_col-lg-offset-0 vc_col-lg-4 vc_col-md-offset-0 vc_col-md-6 vc_col-sm-offset-0 vc_col-xs-12&#8243;]<div class=\"mkdf-iwt clearfix  mkdf-iwt-icon-left mkdf-iwt-icon-medium mkdf-iwt-has-hover-icon\">\n\t<div class=\"mkdf-iwt-icon\">\n\t\t\t\t\t<a itemprop=\"url\" href=\"#\" target=\"_self\">\n\t\t\t\t\t\t\t\t\t<span class=\"mkdf-iwt-custom-icon\">\n\t\t\t\t\t<img loading=\"lazy\" decoding=\"async\" width=\"34\" height=\"44\" src=\"https:\/\/km858.cl\/wp-content\/uploads\/2018\/04\/h1-custom-icon-1.png\" class=\"attachment-full size-full\" alt=\"a\" \/>\t\t\t\t\t\t\t\t\t\t\t<span class=\"mkdf-iwt-hover-icon\">\n\t\t\t\t\t\t\t<img loading=\"lazy\" decoding=\"async\" width=\"34\" height=\"44\" src=\"https:\/\/km858.cl\/wp-content\/uploads\/2018\/04\/h1-custom-icon-hover-1.png\" class=\"attachment-full size-full\" alt=\"a\" \/>\t\t\t\t\t\t<\/span>\n\t\t\t\t\t\t\t\t\t<\/span>\n\t\t\t\t\t\t\t\t<\/a>\n\t\t\t<\/div>\n\t<div class=\"mkdf-iwt-content\" >\n\t\t\t\t\t<h5 class=\"mkdf-iwt-title\" >\n\t\t\t\t\t\t\t\t\t<a itemprop=\"url\" href=\"#\" target=\"_self\">\n\t\t\t\t\t\t\t\t<span class=\"mkdf-iwt-title-text\">Nosotros<\/span>\n\t\t\t\t\t\t\t\t\t<\/a>\n\t\t\t\t\t\t\t<\/h5>\n\t\t\t\t\t\t\t<p class=\"mkdf-iwt-text\" >Restobeer KM 858, Somos un restobeer ic\u00f3nico en Paillaco, conocidos por nuestra deliciosa gastronom\u00eda y tradicional cerveza artesanal, reabrimos nuestras puertas a la comunidad en el a\u00f1o 2015 con un remodelado espacio, donde nuestra decoraci\u00f3n te hara remontar a epocas de anta\u00f1os. Somos Priscilla Sotomayor y Esteban Orellana y estamos muy orgullosos de todo lo que hemos logrado con el apoyo de nuestro fieles clientes.<\/p>\n\t\t\t<\/div>\n<\/div>[vc_empty_space height=\u00bb50px\u00bb][\/vc_column][vc_column width=\u00bb1\/2&#8243; offset=\u00bbvc_col-lg-offset-0 vc_col-lg-4 vc_col-md-offset-0 vc_col-md-6 vc_col-sm-offset-0 vc_col-xs-12&#8243;]<div class=\"mkdf-iwt clearfix  mkdf-iwt-icon-left mkdf-iwt-icon-medium mkdf-iwt-has-hover-icon\">\n\t<div class=\"mkdf-iwt-icon\">\n\t\t\t\t\t<a itemprop=\"url\" href=\"#\" target=\"_self\">\n\t\t\t\t\t\t\t\t\t<span class=\"mkdf-iwt-custom-icon\">\n\t\t\t\t\t<img loading=\"lazy\" decoding=\"async\" width=\"34\" height=\"44\" src=\"https:\/\/km858.cl\/wp-content\/uploads\/2018\/04\/h1-custom-icon-2.png\" class=\"attachment-full size-full\" alt=\"a\" \/>\t\t\t\t\t\t\t\t\t\t\t<span class=\"mkdf-iwt-hover-icon\">\n\t\t\t\t\t\t\t<img loading=\"lazy\" decoding=\"async\" width=\"34\" height=\"44\" src=\"https:\/\/km858.cl\/wp-content\/uploads\/2018\/04\/h1-custom-icon-hover-2.png\" class=\"attachment-full size-full\" alt=\"a\" \/>\t\t\t\t\t\t<\/span>\n\t\t\t\t\t\t\t\t\t<\/span>\n\t\t\t\t\t\t\t\t<\/a>\n\t\t\t<\/div>\n\t<div class=\"mkdf-iwt-content\" >\n\t\t\t\t\t<h5 class=\"mkdf-iwt-title\" >\n\t\t\t\t\t\t\t\t\t<a itemprop=\"url\" href=\"#\" target=\"_self\">\n\t\t\t\t\t\t\t\t<span class=\"mkdf-iwt-title-text\">Historia<\/span>\n\t\t\t\t\t\t\t\t\t<\/a>\n\t\t\t\t\t\t\t<\/h5>\n\t\t\t\t\t\t\t<p class=\"mkdf-iwt-text\" >Somos un RestoBeer con identidad local, nuestros proveedores son productores locales y producimos desde 1998 cerveza artesanal de calidad para nuestros\/as clientes. Nuestro local f\u00edsico se inauguro el 2015 y desde all\u00ed hemos trabajado profesionalizando nuestro negocio desde la diferenciaci\u00f3n con la competencia y fomentando practicas empresariales que benefician a la comunidad como la entrega de oportunidades laborales a las nuevas generaciones y gesti\u00f3n eficiente de los residuos generados en la cadena productiva.<\/p>\n\t\t\t<\/div>\n<\/div>[vc_empty_space height=\u00bb50px\u00bb][\/vc_column][\/vc_row][vc_row content_placement=\u00bbmiddle\u00bb row_content_width=\u00bbgrid\u00bb disable_background_image=\u00bb\u00bb content_text_aligment=\u00bbcenter\u00bb css=\u00bb.vc_custom_1523457955885{padding-top: 77px !important;padding-bottom: 2px !important;}\u00bb simple_background_image=\u00bb112&#8243;][vc_column width=\u00bb1\/2&#8243; offset=\u00bbvc_col-lg-offset-0 vc_col-lg-3 vc_col-md-offset-0 vc_col-md-3 vc_col-sm-offset-0 vc_col-xs-12&#8243;]<div class=\"mkdf-counter-holder \">\n\t<div class=\"mkdf-counter-inner\">\n\t\t\t\t\t<span class=\"mkdf-counter mkdf-zero-counter\" >2015<\/span>\n\t\t\t\t\t\t\t\t\t<p class=\"mkdf-counter-text\" >Atendemos desde el a\u00f1o<\/p>\n\t\t\t<\/div>\n<\/div>[vc_empty_space height=\u00bb69px\u00bb][\/vc_column][vc_column width=\u00bb1\/2&#8243; offset=\u00bbvc_col-lg-offset-0 vc_col-lg-3 vc_col-md-offset-0 vc_col-md-3 vc_col-sm-offset-0 vc_col-xs-12&#8243;]<div class=\"mkdf-counter-holder \">\n\t<div class=\"mkdf-counter-inner\">\n\t\t\t\t\t<span class=\"mkdf-counter mkdf-zero-counter\" >5000<\/span>\n\t\t\t\t\t\t\t\t\t<p class=\"mkdf-counter-text\" >Clientes aprox. nos visitan cada a\u00f1o<\/p>\n\t\t\t<\/div>\n<\/div>[vc_empty_space height=\u00bb69px\u00bb][\/vc_column][vc_column width=\u00bb1\/2&#8243; offset=\u00bbvc_col-lg-offset-0 vc_col-lg-3 vc_col-md-offset-0 vc_col-md-3 vc_col-sm-offset-0 vc_col-xs-12&#8243;]<div class=\"mkdf-counter-holder \">\n\t<div class=\"mkdf-counter-inner\">\n\t\t\t\t\t<span class=\"mkdf-counter mkdf-zero-counter\" >80<\/span>\n\t\t\t\t\t\t\t\t\t<p class=\"mkdf-counter-text\" >Nuestra capacidad para atender p\u00fablico<\/p>\n\t\t\t<\/div>\n<\/div>[vc_empty_space height=\u00bb69px\u00bb][\/vc_column][vc_column width=\u00bb1\/2&#8243; offset=\u00bbvc_col-lg-offset-0 vc_col-lg-3 vc_col-md-offset-0 vc_col-md-3 vc_col-sm-offset-0 vc_col-xs-12&#8243;]<div class=\"mkdf-counter-holder \">\n\t<div class=\"mkdf-counter-inner\">\n\t\t\t\t\t<span class=\"mkdf-counter mkdf-zero-counter\" >10<\/span>\n\t\t\t\t\t\t\t\t\t<p class=\"mkdf-counter-text\" >Horas de atenci\u00f3n diaria<\/p>\n\t\t\t<\/div>\n<\/div>[vc_empty_space height=\u00bb69px\u00bb][\/vc_column][\/vc_row]<\/p>\n","protected":false},"excerpt":{"rendered":"<p>[vc_row content_placement=\u00bbtop\u00bb row_content_width=\u00bbgrid\u00bb disable_background_image=\u00bb\u00bb content_text_aligment=\u00bbleft\u00bb css=\u00bb.vc_custom_1523456483426{padding-top: 126px !important;padding-bottom: 72px !important;}\u00bb simple_background_image=\u00bb33&#8243;][vc_column offset=\u00bbvc_col-lg-offset-0 vc_col-lg-4 vc_col-md-offset-0 vc_col-md-12 vc_col-sm-offset-0 vc_col-xs-12&#8243;][vc_empty_space][vc_empty_space height=\u00bb67px\u00bb][\/vc_column][vc_column width=\u00bb1\/2&#8243; offset=\u00bbvc_col-lg-offset-0 vc_col-lg-4 vc_col-md-offset-0 vc_col-md-6 vc_col-sm-offset-0 vc_col-xs-12&#8243;][vc_empty_space height=\u00bb50px\u00bb][\/vc_column][vc_column width=\u00bb1\/2&#8243; offset=\u00bbvc_col-lg-offset-0 vc_col-lg-4 vc_col-md-offset-0 vc_col-md-6 vc_col-sm-offset-0 vc_col-xs-12&#8243;][vc_empty_space height=\u00bb50px\u00bb][\/vc_column][\/vc_row][vc_row content_placement=\u00bbmiddle\u00bb row_content_width=\u00bbgrid\u00bb disable_background_image=\u00bb\u00bb content_text_aligment=\u00bbcenter\u00bb css=\u00bb.vc_custom_1523457955885{padding-top: 77px !important;padding-bottom: 2px [&hellip;]<\/p>\n","protected":false},"author":1,"featured_media":0,"parent":0,"menu_order":0,"comment_status":"closed","ping_status":"closed","template":"full-width.php","meta":{"footnotes":""},"class_list":["post-563","page","type-page","status-publish","hentry"],"_links":{"self":[{"href":"https:\/\/km858.cl\/index.php\/wp-json\/wp\/v2\/pages\/563","targetHints":{"allow":["GET"]}}],"collection":[{"href":"https:\/\/km858.cl\/index.php\/wp-json\/wp\/v2\/pages"}],"about":[{"href":"https:\/\/km858.cl\/index.php\/wp-json\/wp\/v2\/types\/page"}],"author":[{"embeddable":true,"href":"https:\/\/km858.cl\/index.php\/wp-json\/wp\/v2\/users\/1"}],"replies":[{"embeddable":true,"href":"https:\/\/km858.cl\/index.php\/wp-json\/wp\/v2\/comments?post=563"}],"version-history":[{"count":13,"href":"https:\/\/km858.cl\/index.php\/wp-json\/wp\/v2\/pages\/563\/revisions"}],"predecessor-version":[{"id":2365,"href":"https:\/\/km858.cl\/index.php\/wp-json\/wp\/v2\/pages\/563\/revisions\/2365"}],"wp:attachment":[{"href":"https:\/\/km858.cl\/index.php\/wp-json\/wp\/v2\/media?parent=563"}],"curies":[{"name":"wp","href":"https:\/\/api.w.org\/{rel}","templated":true}]}}